{"id":10,"date":"2022-06-08T10:33:33","date_gmt":"2022-06-08T10:33:33","guid":{"rendered":"https:\/\/xn--tablod-mwa.fr\/?page_id=10"},"modified":"2022-06-21T09:49:46","modified_gmt":"2022-06-21T09:49:46","slug":"test","status":"publish","type":"page","link":"https:\/\/xn--tablod-mwa.fr\/","title":{"rendered":"Home"},"content":{"rendered":"\n\n\t<i>Construisez votre identit\u00e9 num\u00e9rique de fa\u00e7on impactante et m\u00e9morable.<br \/>\n<\/i>\n\t<p>Vous souhaitez vous pr\u00e9senter, parler de vous, de votre activit\u00e9 ou prendre la parole sur vos sujets d&rsquo;expertise ?\u00a0<\/p>\n<p>Tablo\u00efd est une agence de journalistes sp\u00e9cialis\u00e9e en interview et prise de parole.<\/p>\n<p>Nous mettons \u00e0 votre disposition les meilleurs journalistes et \u00e9quipes techniques pour vous aider \u00e0 construire votre narration et produisons des contenus (texte, audio, vid\u00e9o) qui vous permettent de vous positionner de fa\u00e7on impactante et m\u00e9morable.<\/p>\n<p>Car une bonne histoire c&rsquo;est une charpente, mais aussi de la chair : intelligence, \u00e9motion, humour.<\/p>\n<p>C&rsquo;est ce que nous allons trouver en vous guidant, afin de vous donner un r\u00e9sultat au plus pr\u00e8s de qui vous \u00eates, des propos que vous souhaitez tenir.<\/p>\n\t\t<h2>\n\t\t\tQui sommes-nous\u00a0?\n\t\t<\/h2>\n\t<p>Nous sommes une \u00e9quipe de r\u00e9dacteurs en chef de presse, de digital, de t\u00e9l\u00e9vision et de journalistes r\u00f4d\u00e9s \u00e0 l&rsquo;art de l&rsquo;interview, de l&rsquo;entretien, du storytelling et \u00e0 la prise de parole \u00e9crite, enregistr\u00e9e, film\u00e9e.<\/p>\n\t\t<h2>\n\t\t\tQu&rsquo;est-ce-qui nous distingue d&rsquo;une agence de communication\u00a0?\n\t\t<\/h2>\n\t<p>Nous n&rsquo;avons rien contre les agences, mais nous connaissons leurs limites\u00a0: emplois de superlatifs, copier-coller de strat\u00e9gies, manque de profondeur.<\/p>\n<p>Chez Tablo\u00efd, nous valorisons une expertise intellectuelle et sensible.<\/p>\n<p>Issus du monde de la presse et de la t\u00e9l\u00e9vision, nos journalistes savent \u00e9laborer des prises de paroles afin de les rendre sensibles, impactantes (certains diront <i>sexy<\/i>).<\/p>\n\t<p>Ils savent trouver dans une grande histoire la petite histoire qui donne du sel au r\u00e9cit.\u00a0<\/p>\n<p>Ils savent qu&rsquo;un storytelling qui n&rsquo;est que glorieux touche moins que celui qui d\u00e9voile quelques-unes des failles inh\u00e9rentes \u00e0 chacun.<\/p>\n<p>Enfin, ils savent de fa\u00e7on sc\u00e9naristique construire une prise de parole vraie, qui marque les esprits.\u00a0<\/p>\n\t<p>Suivez nous<\/p>\n\n","protected":false},"excerpt":{"rendered":"<p>Construisez votre identit\u00e9 num\u00e9rique de fa\u00e7on impactante et m\u00e9morable. Vous souhaitez vous pr\u00e9senter, parler de vous, de votre activit\u00e9 ou prendre la parole sur vos sujets d&rsquo;expertise ?\u00a0 Tablo\u00efd est une agence de journalistes sp\u00e9cialis\u00e9e en interview et prise de parole. Nous mettons \u00e0 votre disposition les meilleurs journalistes et \u00e9quipes techniques pour vous aider&hellip;<\/p>\n","protected":false},"author":1,"featured_media":0,"parent":0,"menu_order":0,"comment_status":"closed","ping_status":"closed","template":"","meta":{"om_disable_all_campaigns":false,"_monsterinsights_skip_tracking":false,"_monsterinsights_sitenote_active":false,"_monsterinsights_sitenote_note":"","_monsterinsights_sitenote_category":0},"_links":{"self":[{"href":"https:\/\/xn--tablod-mwa.fr\/index.php?rest_route=\/wp\/v2\/pages\/10"}],"collection":[{"href":"https:\/\/xn--tablod-mwa.fr\/index.php?rest_route=\/wp\/v2\/pages"}],"about":[{"href":"https:\/\/xn--tablod-mwa.fr\/index.php?rest_route=\/wp\/v2\/types\/page"}],"author":[{"embeddable":true,"href":"https:\/\/xn--tablod-mwa.fr\/index.php?rest_route=\/wp\/v2\/users\/1"}],"replies":[{"embeddable":true,"href":"https:\/\/xn--tablod-mwa.fr\/index.php?rest_route=%2Fwp%2Fv2%2Fcomments&post=10"}],"version-history":[{"count":59,"href":"https:\/\/xn--tablod-mwa.fr\/index.php?rest_route=\/wp\/v2\/pages\/10\/revisions"}],"predecessor-version":[{"id":201,"href":"https:\/\/xn--tablod-mwa.fr\/index.php?rest_route=\/wp\/v2\/pages\/10\/revisions\/201"}],"wp:attachment":[{"href":"https:\/\/xn--tablod-mwa.fr\/index.php?rest_route=%2Fwp%2Fv2%2Fmedia&parent=10"}],"curies":[{"name":"wp","href":"https:\/\/api.w.org\/{rel}","templated":true}]}}